0. What are the prime factors of i?
23
Let z = 5 - 4. Suppose c - 3 = z. Suppose c*a + 4 = 16. List the prime factors of a.
3
Let m(q) = -q**3 - 6*q**2 - 1. Let z be m(-3). List the prime factors of z/((1 - 0) + -3).
2, 7
Let a(i) = i**3 + 9*i**2 + 4. What are the prime factors of a(-9)?
2
Suppose 3*v - 9 = -0*v. Let l(k) = 7*k - 3. Let i be l(3). What are the prime factors of i*v*3/18?
3
Suppose -2*i + 7 = 1. Suppose 3*f - 4*l = 79, i = -l - 2*l. What are the prime factors of f?
5
Suppose -w = -3*f + 40, f = -5*w + 6 - 14. Let h be 30/8 - 9/f. Suppose -4*j = -h*v - 10, -v + 5*j = 2*j + 10. List the prime factors of v.
2
Let n(z) = -2*z**2 + 25*z - 11. What are the prime factors of n(11)?
2, 11
Suppose 1 - 3 = 2*a - o, -a = -2*o + 7. List the prime factors of ((-2)/4)/(a/(-26)).
13
Let m = 156 + -74. What are the prime factors of m?
2, 41
Let d(r) be the third derivative of -r**2 + 0 + 0*r - 1/12*r**4 - 1/3*r**3. List the prime factors of d(-4).
2, 3
Let c(b) = b**2 - 2*b - 8. What are the prime factors of c(8)?
2, 5
Suppose -56 = -q - 0*q - 4*r, -5*r = 15. What are the prime factors of q?
2, 17
Suppose 0 = r - 3*r + 76. What are the prime factors of r?
2, 19
Let g(v) = -4*v**2 - 4*v - 2. Let k(b) = -4*b**2 - 5*b - 2. Let x(z) = 6*g(z) - 5*k(z). Let y be x(2). Let c = y - -25. List the prime factors of c.
3
Suppose t - 5 = 0, -4*v + t + 36 = 5*t. Suppose 0 = 2*f - 12 + v. Let o = 8 - f. List the prime factors of o.
2
Let m = -1 - -5. Suppose n = -2*n + 30. Suppose -m*b + 2 = -n. What are the prime factors of b?
3
Suppose 5*m = -2*d + 7, 4*m - 4*d + 11 - 39 = 0. Suppose m*t - 63 = -15. Suppose -4*p = -36 + t. What are the prime factors of p?
5
Let p(b) = -11*b - 11. What are the prime factors of p(-7)?
2, 3, 11
Suppose 2*o - 165 = q, -2*o + 5*q = o - 258. List the prime factors of o.
3
Let v(y) = -y**2 + 7*y + 14. Let k be v(13). List the prime factors of k/(-12) - 1/3.
5
What are the prime factors of ((-6)/4)/(9/(-60))?
2, 5
Suppose 0 = -2*k + 3*k - 2*y - 256, 3*k - 748 = -4*y. List the prime factors of k.
2, 3, 7
Let a = -26 - -56. What are the prime factors of a?
2, 3, 5
Let x(h) = -h**2 - 3*h. Let y be x(-3). Suppose a - 6 = -y*a. Let g = -2 + a. List the prime factors of g.
2
Let d(b) = 2*b**3 + b**2 + b - 2. Let r be d(2). Suppose 5*p + 70 = -0. Let n = p + r. List the prime factors of n.
2, 3
Let d(c) be the third derivative of -7*c**6/120 + c**3/6 + 3*c**2. What are the prime factors of d(-1)?
2
Let x(z) = -z**2 + 10*z + 13. Let n be x(9). Let g be (-2 - 18/(-15))*15. Let t = n + g. What are the prime factors of t?
2, 5
Suppose 6*j = -0*j + 246. List the prime factors of j.
41
Let m = -7 - -10. Suppose m*u + 2*u = 10. Suppose -7*x + u*x = -20. List the prime factors of x.
2
Let w = 30 + 17. List the prime factors of w.
47
Let l(n) = 3*n**2. Let v be l(3). Let j be 2/6 - (-468)/(-27). Let w = j + v. What are the prime factors of w?
2, 5
Let o(j) = j + 2. Let q be o(3). Suppose q*p + 0 = 20. List the prime factors of p.
2
Suppose 4*s + 5*y - 357 = -90, 3*y = 2*s - 117. List the prime factors of s.
3, 7
Suppose 66 = 2*v + 5*f, -5*v - 4*f + 41 = -90. Let a = -3 + v. List the prime factors of a.
2, 5
List the prime factors of 22*(-6)/(-7)*(-56)/(-12).
2, 11
What are the prime factors of ((-12)/8 - 2)*-10?
5, 7
Let m be 12/(-9)*12/(-8). Let r = -4 + 4. Suppose -l = -r*u + 3*u - 41, 0 = -2*u - m*l + 30. List the prime factors of u.
13
Let c(u) = -14*u - 48. List the prime factors of c(-19).
2, 109
Let g(k) = 50*k - 22. What are the prime factors of g(4)?
2, 89
Suppose -3*a - 4*p + 31 = 0, 5*p - 20 = -0. Let v(q) = 3*q + 6. Let j be v(a). List the prime factors of 16/7 - 6/j.
2
Suppose -s - 27 = -4*s. Suppose s - 30 = -a. What are the prime factors of a?
3, 7
Suppose 0 = 5*o - 0 + 5. Let h be 13 + -1 + (-3 - o). List the prime factors of (-12)/(-7) - h/(-35).
2
Let x = -9 + 17. Suppose -6 = -r + 4*m, m + x = r - 7. What are the prime factors of r?
2, 3
Suppose -52 - 5 = -3*a. What are the prime factors of a?
19
Let n(h) be the second derivative of 19*h**4/12 + h**3/3 + h**2/2 - 3*h. What are the prime factors of n(-1)?
2, 3
Let v be ((1 - -1)*-2)/(-1). Suppose 3*j - 8 = v. Suppose 5*p - l - 40 = 2*l, 0 = -2*p + j*l + 30. What are the prime factors of p?
5
Suppose 0 = 3*k - 29 - 25. Suppose 20 = 4*f - m - 3*m, -3*f + 4*m = -k. What are the prime factors of f?
2
What are the prime factors of -1 + (-3 - -88) + -4?
2, 5
Suppose 5*n = -3*y, 3*y = -5*n + 2*y. Suppose n = 2*k - r - 15, -4*r = -k + 18 + 7. What are the prime factors of k?
5
Suppose -2*n + 4*w = -28, 0*n - 3*w = -5*n + 35. Suppose 2*g = -n*r + 92 - 4, -3*g + 121 = -5*r. What are the prime factors of g?
2, 3, 7
Suppose -3*g = 3*l - 36, -2*g + 60 = 5*l + g. What are the prime factors of l?
2, 3
Let z be (-2 + 1)/(-2 + 3). Let g be (z/3)/((-1)/6). Suppose -g*m = -i + 1, 0 = -i - 0*m + 4*m - 3. What are the prime factors of i?
5
Suppose k - 232 = -11. What are the prime factors of k?
13, 17
Let o(i) = -31*i - 47. What are the prime factors of o(-8)?
3, 67
Let n(k) = -k**3 - 6*k**2 - 7*k - 6. Let p be n(-5). List the prime factors of (-111)/(-12) + p/(-16).
3
Let h(g) be the second derivative of 1/6*g**3 + 4*g + 0 + 8*g**2. What are the prime factors of h(-9)?
7
Let b be 1 - (-8 + 2)/3. Suppose 0 = 4*a - b*t - 103, -4*a - t + 118 = t. List the prime factors of a.
2, 7
Suppose 0 = -4*l - 56 - 36. Let p be l/2*2/(-1). Let z = p - 13. What are the prime factors of z?
2, 5
Let t(k) = 5*k**2 + 2*k - 15. What are the prime factors of t(5)?
2, 3, 5
Let y(n) = -n**2 + 5*n + 3. Let g be y(7). Let q = -7 - g. Suppose -q*s = 35 - 99. List the prime factors of s.
2
Let y = -21 + 29. What are the prime factors of y?
2
Let m(q) = -q + 2. Let w be m(3). Let r be 33 - (3 + 1 + w). Let n = r - 19. What are the prime factors of n?
11
Let v = 7 - 4. Suppose v*u - 56 = -u. List the prime factors of u.
2, 7
Let o(c) = 7*c**2 - c**2 - 3 - 4*c**2 + 5*c + c**3 + 5*c**2. List the prime factors of o(-6).
3
Suppose -5*g + 14 + 6 = 0. Let h(n) = n + 1. What are the prime factors of h(g)?
5
Suppose -25 = -7*i + 2*i, 5*u - 2*i = 485. What are the prime factors of u?
3, 11
Let a(b) = 8*b + 3*b**2 - 2*b**2 - 2*b**2 - 5 - 2*b. Let q be a(5). Let i(z) = z**2 + 12. What are the prime factors of i(q)?
2, 3
Let q(a) = -11*a - 2. List the prime factors of q(-5).
53
Let a = -55 - -101. What are the prime factors of a?
2, 23
Let f(b) be the second derivative of 13/2*b**2 + 1/12*b**4 - 2*b + 0 + 5/3*b**3. What are the prime factors of f(-9)?
2
Let o(x) = -6*x - 2. What are the prime factors of o(-5)?
2, 7
Let d be 2/7 + (-47)/(-7). Suppose b = -m - d, 0 = 2*b + 5*m + 13 + 13. Let i(h) = 2*h**2 + 3*h + 3. List the prime factors of i(b).
2, 3
Suppose -4*x = 5*j - 46, 2*j = 3*j - x - 2. Let s = j - 5. What are the prime factors of s + 3/(-9)*-3?
2
Let b(l) be the second derivative of -l**5/20 + 5*l**4/12 + l**3/6 + 5*l**2/2 + 6*l. List the prime factors of b(5).
2, 5
Let a(m) = -m**3 + m + 42. List the prime factors of a(0).
2, 3, 7
Suppose -x + 5*y + 137 = x, 2*x - y = 133. List the prime factors of x.
2, 3, 11
Let g = -8 + 4. What are the prime factors of g*(2 + (-23)/4)?
3, 5
Let o = -53 + 327. List the prime factors of o.
2, 137
Suppose 0 = 5*w - n - 198, 3*n + 45 = w + n. List the prime factors of w.
3, 13
Let s(a) = 76*a - 6. List the prime factors of s(2).
2, 73
Let i be 5*3/10*-8. Let k = -7 - i. List the prime factors of k.
5
Suppose -5*f + 154 = 2*l - 72, -565 = -5*l + 2*f. What are the prime factors of l?
113
Let v = 0 + 36. Suppose -3*t = -3*o - 2*o - 46, -3*t + 3*o = -v. List the prime factors of t.
7
Let m = -23 - -55. Let z be (-3)/(-1)*2/(-1). What are the prime factors of ((-3)/z)/(2/m)?
2
Let x = 62 - 36. What are the prime factors of x?
2, 13
Let z = 10 + -4. Suppose 2*w = 5*w + 4*u - z, 5*u - 10 = -5*w. Suppose -3*g = w*d - 28, 0 = -3*g + g - d + 18. List the prime factors of g.
2
List the prime factors of (16/10)/(12/210).
2, 7
Suppose -2*w + 4*i + 44 = 0, -3*w + 8*w + 3*i = 84. What are the prime factors of w?
2, 3
Suppose 0*x + x - 4*j = -12, -2*j - 16 = 5*x. Let o = x + 6. What are the prime factors of o?
2
Let i(f) = -2*f. Let q be i(7). Let u = 12 - q. List the prime factors of u.
2, 13
Let j(n) = n**2 -